 0 = 4*h + r - 148, 4*h - w*h = 4*r + 37. List the prime factors of h.
37
Suppose 0 = -3*w + 12, 5*u + 11 = -w - 5. Let a = u - -12. What are the prime factors of a?
2
Let r = 109 + -77. Let j(h) = h**3 + 5*h**2 + 2. Let p be j(-5). Suppose 2*f + p*f = r. List the prime factors of f.
2
Let h = 18 - 15. Let u = -10 - -17. Suppose -2 = -h*z + u. What are the prime factors of z?
3
Suppose -2*n - 4 = -3*n. List the prime factors of ((-6)/4)/((-2)/n).
3
Let w(b) = -b**3 + b**2 + b + 3. Let f be w(0). Suppose -4*h + f*h = -3*m - 11, -2*m - 18 = -2*h. What are the prime factors of h?
2
Suppose r = -2*o + 4 + 3, 4*o - 16 = 0. Let b(q) = -21*q + 1. Let m be b(r). Suppose 3*j - m = 4*i, -4*j - 2*i + 5*i + 34 = 0. List the prime factors of j.
2, 5
What are the prime factors of 158 + 3 + (-1 - 2)?
2, 79
Let z(d) = d + 2. Let o be z(-2). Suppose -p + 4*y - 26 - 30 = 0, o = -p + 3*y - 57. List the prime factors of (3/(-2))/(9/p).
2, 5
Let d = -70 - -138. What are the prime factors of d?
2, 17
Suppose 0 = -a - 2*a. Suppose 0 = -x - a + 2. List the prime factors of x.
2
Let z(j) = j + 2. Let d be z(-4). Let l = 0 - d. Suppose 0 = l*c + 3*v, -c - 3 = -3*v - 21. List the prime factors of c.
2, 3
Let s be 486/(-36) - (-1)/(-2). List the prime factors of 3051/63 + 6/s.
2, 3
Suppose 0 = -x + 5*x - 204. What are the prime factors of x?
3, 17
Let c be ((0 - -12) + -2)/2. Suppose 2*q - 5*n = -1, -2 = -2*q + c*n - n. List the prime factors of q.
7
Suppose -3*i - 38 = 2*o - 137, -3*o + i = -165. List the prime factors of o.
2, 3
Let z(u) = u**2 - 4*u - 4. Let n be z(5). Suppose 5*w = -4*h + 29 + 19, 2*w - n = h. What are the prime factors of h?
7
Let g(h) = -h**3 - 7*h**2 - 6*h + 6. Let x be g(-6). Suppose x + 9 = -5*t. Let y(p) = -2*p. List the prime factors of y(t).
2, 3
Suppose -15 = 3*u, -3*u = 2*m - 2*u - 151. What are the prime factors of m?
2, 3, 13
Suppose 7*b + 89 = 8*b. List the prime factors of b.
89
Let d(r) = r**2 + 5*r - 1. List the prime factors of d(13).
233
Suppose -5*d + a = 6*a - 35, -2*a - 7 = -5*d. Suppose 5*s = d*s - 24. List the prime factors of 183/12 - (-3)/s.
3, 5
Let f = -2 + 4. Suppose -29 = -f*y - 5*l, 3*l = -2*y - 3*y + 44. List the prime factors of y.
7
Let y(c) = -3*c**3 - 8*c**2 - 7*c. What are the prime factors of y(-6)?
2, 3, 67
Let r = 242 + -55. List the prime factors of r.
11, 17
Let p be (-2)/(-5) - (-64)/(-10). Let w = 10 + p. List the prime factors of w.
2
Let c(y) = y**2 - y - 4. Suppose -4*x - x = -10. Suppose -6*k + 16 = -x*k. List the prime factors of c(k).
2
Let k be -2 + 1*(2 + 1). Let j(o) = k - 4*o + 4 - 3*o - o**2 - 2. List the prime factors of j(-6).
3
Suppose 5*z - 50 = -5*g, -3*z = z + 5*g - 45. Let m = z + 2. List the prime factors of m.
7
Let m(f) = f**3 + 12*f**2 + 14. Let h be 114/(-9) - (-4)/6. Let b be m(h). Suppose 3*w - 25 = b. What are the prime factors of w?
13
Suppose -4*j = -230 - 46. What are the prime factors of j?
3, 23
Suppose -4*u = n - 2*n + 164, -3*n + 2*u + 532 = 0. Suppose -4*f + 4 = -n. Suppose -f = -3*a - 13. List the prime factors of a.
11
Suppose 102 + 582 = 6*m. List the prime factors of m.
2, 3, 19
Let l(u) = u + 8. Let k be l(-6). Suppose -x - r = -5, 3*x + 4*r - 20 = -k*x. Suppose x = -m + 2*m - 13. What are the prime factors of m?
13
Let z(n) be the second derivative of -n**3/3 - n**2/2 - n. Let d(h) = -2*h**2 + 9*h + 3. Let j be d(5). List the prime factors of z(j).
3
Let z = -3 + 8. Suppose 3*k - 2*t + 3*t = 28, -4*k + 38 = 2*t. Suppose m - 9 = -2*f, -z*f + 1 = -k. What are the prime factors of m?
5
Suppose 0 = 8*f - 3*f - 15. Suppose 0 = -0*q + f*q - 12. Suppose -q*c + 5*p + 30 = c, p - 10 = -c. What are the prime factors of c?
2
Let j(h) = h**2 - 2*h - 4. Let i be (1 + (-2)/(-4))*6. List the prime factors of j(i).
59
Suppose -b + 2*x + 2 = -2, 3*b - 4 = 2*x. Suppose b = 5*p - 4*p - 40. What are the prime factors of p?
2, 5
Suppose -3*v + 7*v = 244. What are the prime factors of v?
61
Suppose -3*t - 38 = 3*a + 16, 4*a - 3*t = -51. List the prime factors of (18/a)/(4/(-10)).
3
Let a be (0 - 2)/(7 - 6). What are the prime factors of (a - (-9)/15)*-5?
7
Suppose 0 = 2*m + 10, -85 = -5*o - 3*m + 7*m. Suppose -3*x + 2*x = -o. List the prime factors of x.
13
Let p(m) = -11*m - 5*m + 2*m. What are the prime factors of p(-2)?
2, 7
Suppose -5*a + 170 = -15. List the prime factors of a.
37
Suppose -d - 13 = -5*s - 5*d, 2*d - 9 = -3*s. Suppose i = s + 17. What are the prime factors of i?
2, 11
Let d = 10 - 7. Suppose -g - 10 = -d*g. Suppose -4*s + 5*m = -89, g*s - 100 = -3*m - 2*m. List the prime factors of s.
3, 7
Suppose 0 = 3*a - 4*z + 2*z - 11, 3*a - 4 = -5*z. Suppose -n + 0*l + 2*l = -47, -57 = -n - a*l. Suppose -n = -3*g - 0. What are the prime factors of g?
17
Let p be (-1)/1*4/(-4). Let v be (1 - 2) + 9/p. Suppose 0 = -5*a - 12 - v, -a = 4*n - 20. What are the prime factors of n?
2, 3
Let g = 277 - 136. What are the prime factors of g?
3, 47
What are the prime factors of (92/(-6))/((-26)/39)?
23
List the prime factors of (11 + -55)*(-6)/4.
2, 3, 11
Let n(q) = -6*q**2 + 1 + 1 + 3 - q**3. Let v be (-52)/9 - (-2)/(-54)*6. What are the prime factors of n(v)?
5
Let b = 127 + -190. Let y = -27 - b. Suppose -5*s + 14 = -y. What are the prime factors of s?
2, 5
Suppose 3*k - 12 = 4*o, -3*o - 2 - 7 = -k. Suppose 4*p = -k*p. List the prime factors of (-9)/(-3) + (-1 - p).
2
Let h(r) = -r + 4. Let z be h(-8). Suppose 15 = -4*q + 2*i + 53, -z = -3*q - 4*i. List the prime factors of q.
2
Let w(d) = -d**2 - 10*d - 8. Let r be w(-12). Let u = r - -53. What are the prime factors of u?
3, 7
Let d = -93 + 97. What are the prime factors of d?
2
Suppose -12 = 4*c, 0 = 2*h + c - 4 - 35. Suppose 3*l + 69 = 3*u, h = -u + 4*l + 59. What are the prime factors of u?
2, 3
Let p = 21 - -32. What are the prime factors of p?
53
Suppose 3*j = -t + 40, 5*j + 16 + 40 = t. List the prime factors of t.
2, 23
Suppose 13 = 5*h - 3*m - 8, 3*h - 24 = -2*m. Let p = h - 4. Suppose 2*q + p = 8. What are the prime factors of q?
3
Suppose 3*p = -3*u + 984, -u - 3*u + 5*p = -1303. Let z = u + -537. What are the prime factors of z/(-27) - 2/(-9)?
2
Suppose 45 = 3*g - 135. What are the prime factors of g?
2, 3, 5
Let y(k) = 7*k + 3. What are the prime factors of y(5)?
2, 19
Let k be 5*((-87)/(-15) - 3). Suppose -7*o = -5*o - k. What are the prime factors of o?
7
Let i(t) = 0*t + 2*t + 0*t**2 + 2 + t**2. List the prime factors of i(3).
17
Suppose 0*n + 1 = n. Let f be n/(((-9)/3)/3). What are the prime factors of (-14 - (-2 - -1))/f?
13
Let i be ((-81)/(-12))/(6/16). Let k = -3 + i. What are the prime factors of k?
3, 5
Let l = 0 + 1. Let v(p) = -2 + 1 - l - p. List the prime factors of v(-5).
3
Let j = -29 + 34. Suppose 0*t + j*t = 290. List the prime factors of t.
2, 29
Let w(j) = -j**3 - 9*j**2 - 3*j - 5. List the prime factors of w(-10).
5
Suppose 3*h = -2*q + 3*q + 234, q = -h + 82. What are the prime factors of h?
79
Let m be ((-4)/6)/((-6)/405). Let s = -32 + m. List the prime factors of s.
13
Let i be (9/12)/(1/28). Suppose i = 2*k - 41. What are the prime factors of k?
31
Suppose 3*x + 2*p = 63, 2*x - 53 = -3*p - 2*p. What are the prime factors of x?
19
Let r = 4 - 8. Let b be 36/2*(-1)/(-2). Let z = r + b. What are the prime factors of z?
5
Let d be (-7 + -1)*4/(-8). Let f(w) = w**3 - 3*w**2 - 3*w + 4. What are the prime factors of f(d)?
2
Let x(y) = -y**3 - 4*y**2 + 5*y + 1. Let v be x(-5). Let u = v + 9. Let k = u - -1. What are the prime factors of k?
11
Let u(o) be the third derivative of o**5/12 - o**3/3 - 4*o**2. What are the prime factors of u(2)?
2, 3
Let s(w) = 6*w**2 + w - 1. Let x be s(1). Let a be ((-4)/x)/((-4)/(-6)). Let z(h) = 8*h**2 + h + 1. List the prime factors of z(a).
2
Suppose 5*t - 69 = 6. List the prime factors of 54/t + 4/10.
2
Let p = 178 - 98. List the prime factors of p.
2, 5
What are the prime factors of (-24)/60 - (-127)/5?
5
Let w(o) = o**2 - 2*o + 4. Let f(p) = p**2 - 2*p + 4. Let z(i) = 5*f(i) - 4*w(i). Let s be z(3). Suppose 5*v - 27 = -s. List the prime factors of v.
2
List the prime factors of (-4)/(-14) + (-3699)/(-63).
59
Suppose 5*x + 6 = -4*n - 27, -4*n - 3*x = 23. Let p = n - -19. List the prime factors of p.
17
Let t(i) = -i**2 - 5*i + 10. Let k be t(-7). Let h be (5/(-10))/((-1)